5. Let x = -28 + o. What is the tens digit of x?
7
Let l be ((-12)/9)/(4 - 40/12). What is the tens digit of ((-1)/(0 - -2))/(l/724)?
8
Let b be 58/18 - (-50)/(-225). Suppose -4*z + b*u + 37 = 0, 0 = -z + 3*u - 2 - 0. What is the units digit of z?
3
Let y(n) = n**2 - 5*n + 4. Let i be y(4). Let r = -1 + i. Let o = r - -3. What is the units digit of o?
2
Let f(d) = -11*d**2 - 18*d + 13. Let l(y) = -5*y**2 - 9*y + 7. Let b(x) = -4*f(x) + 9*l(x). What is the tens digit of b(-6)?
2
Let k = 11 + -7. Let q be (-8)/3*(-3)/k. What is the tens digit of (-25)/q*(7 - 9)?
2
Let m(y) = -y**3 + 6*y**2 + 4*y - 6. Let g be m(6). What is the tens digit of (-1040)/(-39)*g/5?
9
Let s(t) = t**3 + 20*t**2 + 18*t - 29. What is the tens digit of s(-15)?
2
Suppose 0 = -10*z + 5*z + 5*p + 15, 0 = -4*z + 2*p + 6. Suppose 20 = -5*n - z*n, 152 = 4*t + 2*n. What is the units digit of t?
0
Suppose 26 = 2*j + 4. Suppose -j*x + 9*x = -82. What is the units digit of x?
1
Suppose -42*i + 19796 = -14*i. What is the hundreds digit of i?
7
Suppose 11*h = 2*h + 36. Suppose -s = -3*i - 52, s + 3*i + 162 = h*s. What is the units digit of s?
5
Let m = 62 - 60. Suppose -m*d = 5*g - 847, 843 = 2*g + 3*g - 2*d. What is the tens digit of g?
6
Let o be (8 - 0) + -2 - 2. Let p = 12 - 12. Let z = o + p. What is the units digit of z?
4
Suppose -4*r - 888 = -3*i - i, 0 = 2*r + 2. What is the units digit of i?
1
Let a(c) = c + 2. Let v be a(-2). Suppose -5*l + 39 - 4 = v. Suppose -l*i + 75 = -4*i. What is the units digit of i?
5
Suppose 0 = 4*d - 375 - 357. Suppose 2*l = -3*t + 4*l + 17, 2 = -2*t + 4*l. Suppose d = 4*k - t. What is the tens digit of k?
4
Let q = 71 + -86. What is the units digit of 297/2 + q/(-30)?
9
Let q(y) = y + 94. Suppose -25 = z - 5*i, 3*z = -4*i + 13 + 7. What is the tens digit of q(z)?
9
What is the units digit of 0 + -1 + -15 + 82?
6
Let f(c) = c**3 - 9*c**2 - 2*c + 4. Let l be f(9). Let h = l - -14. Suppose h*g - 3*g + 106 = 2*t, -5*t + 4*g + 219 = 0. What is the units digit of t?
7
Suppose 2*k = -0*k + 4*u + 20, 0 = -4*u + 20. Suppose 32*x - 112 = 28*x. Let g = x - k. What is the units digit of g?
8
Let y(p) = p**3 - 8*p**2 + 11*p + 5. Let v be y(6). What is the tens digit of -26*-1*(v/(-2) - 0)?
1
Let g(q) = 617*q**2 - 58*q - 124. What is the units digit of g(-2)?
0
Suppose -208 - 12320 = -4*f. What is the tens digit of f?
3
Suppose 3 = 2*f - 1. What is the tens digit of 71 - 2/1 - f?
6
Let v(n) = -n + 14. Let b(z) = -3*z + 55. Let x(g) = -2*b(g) + 9*v(g). Let o be x(7). Let d(q) = -15*q - 6. What is the tens digit of d(o)?
6
Suppose v = i + 3, -8*i - 3*v + 23 = -4*i. Let g = 6 - 3. Suppose 3*p = 2*l - 9 - 10, i*l = -g*p - 11. What is the units digit of l?
2
Let q(d) = -13*d - 7. Let v be q(-4). Let g = v + -118. Let x = g - -127. What is the tens digit of x?
5
Suppose 39*j - 2142 = 32*j. What is the tens digit of j?
0
Suppose 0*x + x + 26 = 0. Let g = 10 - x. What is the units digit of g?
6
Let w(o) = o**2 + 5*o + 347. What is the tens digit of w(0)?
4
Suppose 5*n - 4456 = -u, -3*n + 2656 = -14*u + 19*u. What is the tens digit of n?
9
Suppose 6*w + 0*w - 12 = 0. Let s be -4*((-3)/w + -4). Let c = s + -21. What is the units digit of c?
1
Let m = -614 + 765. What is the units digit of m?
1
Suppose -6685 - 5992 = -7*u. What is the tens digit of u?
1
Let h(c) = -16*c - 126. What is the tens digit of h(-34)?
1
What is the tens digit of (-17)/85 - 6362/(-10)?
3
Suppose 0 = 4*c - 4*k - 2732, 2*c = -k + 991 + 378. What is the units digit of c?
4
What is the tens digit of 2 - (2756/(-4) - -5)?
8
Let p(m) = m**3 + 9*m**2 - 11*m - 9. Let b be p(-9). What is the hundreds digit of (b/(-4))/(34/12 + -3)?
1
Suppose s - 10510 = -5*p, 5*p + 3*s - 1145 = 9375. What is the hundreds digit of p?
1
Let s(x) = -8*x + 4. Let u(g) = 3*g + 4. Let q be u(-3). Let z be s(q). Suppose 2*a - z = -2*a. What is the tens digit of a?
1
Let g(f) = -f**3 + 6*f**2 - 5*f + 5. Let o be g(5). Let a(x) = x - 12. Let y be a(o). Let s(b) = b**3 + 7*b**2 - b + 8. What is the units digit of s(y)?
5
Suppose 45*g = 36*g + 6534. What is the tens digit of g?
2
Suppose -4*j = 5*k - 1248, 4*j - 8*k - 1212 = -4*k. What is the tens digit of j?
0
Let f = 6 + -5. Let d = f - -5. Suppose -k = -d*k + 55. What is the units digit of k?
1
Let s(t) = -4*t + 13. Let h be s(5). Let y(a) = -5*a. What is the tens digit of y(h)?
3
Let p(f) be the second derivative of 1/3*f**3 + 7*f + 0 + 1/2*f**2 + 1/12*f**4 - 17/20*f**5. What is the units digit of p(-1)?
7
Let q = -108 - -109. What is the units digit of ((-2 - 0) + q)/(1/(-12))?
2
Let b(z) = z**2 - z - 24. Let y be b(6). Suppose 10*d = y*d + 216. What is the units digit of d?
4
Suppose -126 = -3*o + 38*y - 37*y, -5*y + 126 = 3*o. What is the units digit of o?
2
Let p = -12 - -12. Suppose -38 = -p*o + 2*o. Let v = o + 45. What is the tens digit of v?
2
Let x(q) = -7*q - 20. Let r be x(-11). Suppose 2*y - r - 4 = 3*t, 4*t = -2*y + 26. What is the tens digit of y?
2
Suppose -5*u = -2*p - 239, u + p - 39 = -3*p. What is the tens digit of u?
4
Suppose -3*m + 5*q = 87 + 26, -50 = 2*m + 3*q. Suppose -114 - 18 = 6*s. Let y = s - m. What is the units digit of y?
9
Suppose -47*n + 57830 = -176089. What is the tens digit of n?
7
Let q be 1573/(-39) + 1/3. Let z = -126 + q. What is the units digit of z/(-18) - (-16)/(-72)?
9
Let c = 20 + -29. Let t = -4 - c. Let b(w) = 2*w - 3. What is the units digit of b(t)?
7
Suppose -1 - 15 = 4*j. What is the units digit of j/(-10) - 258/(-5)?
2
Let d = -10 - -14. Suppose 1 = j - 0*j + u, d*u + 2 = 2*j. What is the units digit of 19 + 2 - (-1)/j?
2
Suppose 0 = 2*t - 7*t + 30. Let y be (-1)/t + (-507)/(-18). Suppose 4*p - 7 + y = h, 4*h - 106 = 5*p. What is the units digit of h?
9
Let r(x) = -2929*x**2 - x - 1. Let l be r(-2). What is the units digit of l/(-135) + 4/18?
7
Let w(j) be the second derivative of -j**3/3 + 16*j**2 - 3*j. Suppose 4*v = -4*q + 4, 4*q = 5*v + 4 - 0. What is the tens digit of w(v)?
3
Let i = 19 - 16. Suppose 2*o - 3*o - 840 = -5*p, p - i*o - 182 = 0. What is the tens digit of p?
6
Let u(a) = a**2 - 4*a + 17. Let n(b) = 2*b**2 - 9*b + 34. Let o(g) = -2*n(g) + 5*u(g). What is the tens digit of o(-7)?
8
Suppose -5*l = 2*t - 1786 - 7818, 4*t - 3848 = -2*l. Suppose 5*u + 3*u = l. What is the units digit of u?
0
Suppose 0 = -2*w - 10, -5*u + w = -w - 570. Let m be u + -4 + (-3 - -3). Suppose -f - f + m = 0. What is the tens digit of f?
5
Let d(v) = v**2 + 12*v - 67. What is the hundreds digit of d(41)?
1
Let v(m) = -3*m - 18. Let s be v(-6). Suppose 2*x = z + 89, -3 = z - s. What is the tens digit of x?
4
Let c(m) = 0*m - 12 - 3*m + 10 - m**3. Let u = -3 + 0. What is the tens digit of c(u)?
3
Suppose 0 = 5*i - 15, -4*a + 2*i - i = -61. What is the units digit of (153/(-6))/((-6)/a)?
8
Suppose -4*w = -0*w - 308. Suppose -3*f + w = 8. What is the tens digit of f?
2
Let j = 1405 - 594. What is the units digit of j?
1
Suppose -3*o - 14 + 29 = 0. Let x = -5 + 8. Suppose -2*c = -x - o. What is the units digit of c?
4
Let a be (1/1 - -5) + -2. Suppose -f + a*f - 216 = 0. Suppose 4*p - 4*o = f, 0 = 2*p - o - 12 - 27. What is the units digit of p?
1
Let d = 0 + -55. Suppose 0 = 5*s - 4*s + 33. Let w = s - d. What is the units digit of w?
2
Suppose -969 + 3453 = 6*o. What is the tens digit of o?
1
Let z be (-3)/(-1)*(-92)/(-12). Suppose g - w - 1 = 2, 0 = -5*g + w + z. What is the units digit of g?
5
Let o(r) = -6*r - 4. Let c be o(-10). What is the tens digit of 1*c*2 - 3?
0
Let o be (-6 + 27)*1/3. Suppose -4*h = -o*h + 207. Let d = h - 40. What is the tens digit of d?
2
Suppose 3*b = -b - 40. Let s be (b/3)/(5/(-510)). Suppose 5*f - s = 4*k - 98, -k = 4*f - 181. What is the tens digit of f?
4
Let a(b) = 70*b**2 + 6*b + 6. What is the units digit of a(-2)?
4
Let y(u) = 40*u**2 + 2*u - 27. What is the hundreds digit of y(-5)?
9
Let j = -2 - -3. Let w = j + 13. What is the units digit of 4/w + (-500)/(-14)?
6
Let a be 616/16 + (-2)/4. Let u = -3 + a. What is the tens digit of u?
3
Suppose -12 = -0*b - 3*b + z, -4*z = -5*b + 27. What is the tens digit of -1 - (b + -7 - 39)?
4
Let o(c) = -236*c**3 - 5*c - 13. What is the hundreds digit of o(-2)?
8
Let w be -8 + 4 + 35*(3 - 2). Suppose 0 = -5*t + 2*t. What is the tens digit of w - t/(-3 - -7)?
